 prime number?
False
Is 5117647943 a composite number?
False
Is 129745667 a composite number?
False
Is 538533833 a composite number?
False
Is 5945121683 a prime number?
False
Is 6864509381 a composite number?
False
Is 1170964903 a composite number?
True
Is 411890653 composite?
False
Is 881310569 prime?
True
Is 8523567595 a composite number?
True
Is 1095169459 a prime number?
True
Is 13294233193 a composite number?
False
Is 131676997 a prime number?
True
Is 22491887843 prime?
True
Is 99002922719 composite?
False
Is 76910921 prime?
True
Is 20038747319 composite?
False
Is 13951323443 a composite number?
True
Is 3333460457 prime?
False
Is 45878206349 composite?
True
Is 2359126613 composite?
False
Is 7612773901 a prime number?
True
Is 1540185863 composite?
False
Is 7405664543 a composite number?
True
Is 4121382271 a prime number?
True
Is 26279616173 composite?
False
Is 1106091979 a prime number?
False
Is 210218851 prime?
True
Is 10830560353 composite?
False
Is 3763643309 composite?
False
Is 6533746423 a prime number?
True
Is 129151855153 a prime number?
True
Is 50548648595 composite?
True
Is 4669987603 composite?
True
Is 1497265787 a prime number?
True
Is 831825677 prime?
True
Is 2705744227 a prime number?
True
Is 14779156199 a prime number?
True
Is 1580177827 a prime number?
True
Is 254511923 prime?
True
Is 9466014578 prime?
False
Is 57309379 a prime number?
False
Is 263721892919 composite?
True
Is 22410548429 a composite number?
False
Is 906588077 a prime number?
True
Is 182729149873 prime?
False
Is 447708907 composite?
True
Is 7495819847 prime?
True
Is 10725087157 a prime number?
False
Is 11603186417 composite?
False
Is 389998837 a prime number?
False
Is 212203373 a prime number?
True
Is 144407924299 a prime number?
True
Is 5648717257 composite?
True
Is 4564544947 a composite number?
False
Is 502952603 a prime number?
True
Is 1423061467 a prime number?
False
Is 72588553321 prime?
True
Is 12011801533 prime?
False
Is 1802504287 prime?
True
Is 28218383173 a composite number?
False
Is 26382812191 composite?
True
Is 5203695571 a prime number?
True
Is 5512555187 a composite number?
False
Is 581272739 a prime number?
False
Is 4327026127 composite?
False
Is 821664773 composite?
False
Is 749934689 a prime number?
False
Is 93107614309 composite?
True
Is 136550279 prime?
False
Is 256946621 composite?
True
Is 64571963489 prime?
False
Is 406050657 composite?
True
Is 880120207 a composite number?
True
Is 3724935397 a prime number?
False
Is 294163637 a prime number?
False
Is 75455969 prime?
False
Is 244388029 a composite number?
False
Is 696259763 prime?
False
Is 6194354071 a composite number?
True
Is 29989250747 composite?
False
Is 302858441 a composite number?
False
Is 25798219487 composite?
False
Is 1061409499 a composite number?
True
Is 12599443897 prime?
True
Is 2750624317 composite?
True
Is 118024886321 composite?
False
Is 1379215991 a prime number?
True
Is 8514131 prime?
True
Is 1112881433 prime?
False
Is 52930467133 a prime number?
False
Is 223193417 composite?
False
Is 171578443 composite?
False
Is 411625901 a prime number?
False
Is 74451578213 composite?
False
Is 32004487597 prime?
True
Is 3935919131 a composite number?
False
Is 14444740639 a prime number?
False
Is 99473209363 composite?
True
Is 213949591 a prime number?
True
Is 829571777 a composite number?
True
Is 48351947239 prime?
False
Is 6336451963 a prime number?
False
Is 2053870909 composite?
True
Is 214209710989 a composite number?
False
Is 19583897771 a prime number?
True
Is 45408182923 prime?
True
Is 98877943 a composite number?
True
Is 268209817 a composite number?
True
Is 64529930287 composite?
False
Is 2185240133 prime?
True
Is 213806932871 prime?
False
Is 51122258351 prime?
True
Is 55140982223 prime?
False
Is 1504165823 a prime number?
False
Is 1887375779 a composite number?
True
Is 48899973614 a composite number?
True
Is 15028012187 composite?
False
Is 14928564641 composite?
True
Is 28033708771 a prime number?
True
Is 24140174819 prime?
True
Is 6718491287 a prime number?
False
Is 22287843833 prime?
False
Is 1932475723 composite?
True
Is 3317097659 composite?
False
Is 21124253 a prime number?
True
Is 55582932431 composite?
True
Is 44798350045 prime?
False
Is 7714530587 composite?
True
Is 4327664927 a composite number?
True
Is 27378521111 composite?
False
Is 145782319 a prime number?
False
Is 492655609 a prime number?
True
Is 1070041853 a composite number?
False
Is 228541919 a composite number?
True
Is 27217316941 prime?
False
Is 49995015677 a composite number?
False
Is 11133257 prime?
True
Is 27251277023 composite?
True
Is 34267455103 a composite number?
True
Is 4841667757 prime?
True
Is 550671397 a composite number?
False
Is 8270769614 a composite number?
True
Is 58690012369 a prime number?
True
Is 864090431 a prime number?
False
Is 204169693621 prime?
True
Is 286893821 composite?
False
Is 48541604455 a prime number?
False
Is 57103448587 a prime number?
True
Is 1676032597 a prime number?
True
Is 7291503281 a composite number?
False
Is 17588045933 a composite number?
False
Is 718557937 composite?
False
Is 46769121799 prime?
False
Is 78780501539 composite?
False
Is 2510338867 composite?
False
Is 3018088243 a composite number?
False
Is 136691041 prime?
False
Is 3138593063 composite?
True
Is 18907421627 prime?
True
Is 1279129867 a composite number?
False
Is 2678101 prime?
True
Is 7176198827 a prime number?
False
Is 864481441 a prime number?
True
Is 6322362691 composite?
True
Is 10442927713 a prime number?
False
Is 32793126623 a composite number?
True
Is 778852135207 prime?
True
Is 166969259 a composite number?
True
Is 226112311 composite?
True
Is 7465079099 prime?
True
Is 19382366131 composite?
False
Is 1511320597 a composite number?
True
Is 9299930663 a composite number?
True
Is 10360864317 a prime number?
False
Is 2883540823 composite?
False
Is 206315080787 composite?
True
Is 1740205067 a prime number?
True
Is 19460375179 a composite number?
True
Is 170538272231 a composite number?
True
Is 569754095 composite?
True
Is 2020614953 prime?
False
Is 1003878853 a composite number?
True
Is 66060611 a prime number?
True
Is 29888641 a prime number?
True
Is 9311257861 prime?
False
Is 214180249 prime?
True
Is 17631143273 composite?
False
Is 111780212227 composite?
False
Is 13156039991 composite?
True
Is 10120304903 prime?
True
Is 954887309 prime?
True
Is 1519027343 a composite number?
False
Is 317145467 a composite number?
False
Is 7542001963 composite?
False
Is 37858088729 a prime number?
True
Is 18798559493 composite?
True
Is 48582186217 a prime number?
False
Is 1911245803 a composite number?
False
Is 5517863857 composite?
True
Is 93313196303 a composite number?
True
Is 142692293 a composite number?
True
Is 455048357 prime?
True
Is 175351259 a prime number?
False
Is 17415239039 composite?
True
Is 1119247483 a composite number?
True
Is 898134879 composite?
True
Is 2629550591 composite?
False
Is 1334755027 a composite number?
False
Is 5019379831 a prime number?
False
Is 31193604535 a composite number?
True
Is 38488762439 a prime number?
True
Is 5494492573 a composite number?
False
Is 96606871 composite?
False
Is 87986030159 prime?
False
Is 453356203 a composite number?
True
Is 2481290051 prime?
True
Is 5272163629 prime?
True
Is 422421607 prime?
False
Is 8129579363 prime?
True
Is 1190109887 a composite number?
True
Is 26530961131 prime?
True
Is 67928364443 composite?
True
Is 150845857 composite?
False
Is 827031551 prime?
True
Is 52968409993 a composite number?
False
Is 491566331 prime?
True
Is 1265140091 prime?
False
Is 10618333797 composite?
True
Is 352363299 a prime number?
False
Is 2235817357 prime?
True
Is 568434479 a composite number?
False
Is 40612667437 composite?
True
Is 295080383 prime?
False
Is 5762275037 a prime number?
False
Is 396264279247 a prime number?
True
Is 3822906811 composite?
False
Is 177304426217 a prime number?
False
Is 687384079 a prime number?
False
Is 34868295741 a prime number?
False
Is 10464899047 composite?
True
Is 4249863347 a composite number?
False
Is 909927761 a composite number?
False
Is 60819947 composite?
False
Is 45298864211 composite?
True
Is 33283031 a prime number?
True
Is 5734816097 a composite number?
False
Is 19460934973 a composite number?
True
Is 2